 (3 + -4)/(6773458/(-1693364) + 0 + 4) composite?
True
Let c be 3/5 - (-1794)/10. Suppose -2213 + 408 = -5*o. Suppose j + o = 2*m, -m = -0*m - j - c. Is m composite?
False
Let i be 4/(-34) - (-160)/(-85). Let p be ((-28)/(-21))/(i/(-252)). Suppose -3*b + u + 480 = 0, 0 = -b + u + 2*u + p. Is b a prime number?
False
Let d(z) = 301*z**2 + 11*z + 23. Let j(x) = 33*x - 94. Let a be j(3). Is d(a) a composite number?
False
Let z = -527 - -530. Suppose 7*b - 5*b - 9722 = 3*d, -z*b + d + 14583 = 0. Is b prime?
True
Suppose -9*w + 36 = 3*w. Let q(s) = -5*s + 19. Let p be q(w). Suppose 4*d + m - 1107 = 0, d + d + p*m = 536. Is d a prime number?
False
Let z(k) = -64539*k**3 - 2*k**2 - 17*k - 27. Is z(-2) composite?
True
Let w(i) = 234*i**2 - 37*i + 137. Is w(24) a composite number?
False
Suppose -646*f + 651*f = b + 140757, -3*f = -3*b - 84459. Is f prime?
True
Let r = -429 + 426. Let k(y) = -193*y**3 - 6*y**2 - 10*y + 2. Is k(r) prime?
True
Suppose 5313474 = 94*i - 7744724. Is i a prime number?
True
Let h = 736 - 732. Is (165030/75)/(h/10) a composite number?
False
Let f(i) = -225 + 214*i - 65*i + 299*i - 44*i. Is f(14) a prime number?
True
Let d(w) = 61*w + 67. Let o(r) = r - 3. Let h(i) = d(i) + 2*o(i). Is h(10) a prime number?
True
Suppose 0 = -3*v + 4*f + 67415, 3*f - 12608 - 9855 = -v. Is v a composite number?
False
Let y(z) = 8*z + 1 + 24*z**2 - 14*z**2 + 3*z - 799*z**3. Is y(-1) prime?
False
Suppose 3107 = 6*i + 287. Suppose i = -0*g + 3*g + 4*d, -161 = -g + 3*d. Is g composite?
True
Suppose 3*w + 3*t + 4 - 22 = 0, 6 = 3*w - 3*t. Suppose 0*m = 2*m + w*n - 29222, 0 = -2*m - 3*n + 29227. Is m a composite number?
False
Let o = 76 - 82. Let q be ((-138)/36 + 3)*o. Suppose 0 = -2*a - 4*t + 678, 3*a - q*t = 124 + 871. Is a a prime number?
False
Let v = 3569 + 5918. Is v a prime number?
False
Let a(o) = 30*o**3 - o**2 - 2*o - 1. Let v be a(-1). Let u(t) = -t**3 - 25*t**2 - 96*t + 11. Is u(v) composite?
True
Suppose -5*l = 63*l + 53*l - 260513. Is l prime?
True
Suppose 17*k = 9*k + 128352. Let x = k + -11255. Is x a composite number?
False
Suppose 20669105 + 31311606 = 166*q + 13477177. Is q a prime number?
False
Let t(a) = 263*a**3 + 3*a**2 - 2*a - 7. Suppose -3*d - 3*l = 0, -2*d = -5*d - l + 6. Let z be t(d). Is (z/3)/((-57)/(-9) - 6) a prime number?
False
Let w = 28 + -23. Suppose -6*m + 3 = -w*m. Suppose 0*j = -4*j - m*g + 3978, -2 = -g. Is j composite?
True
Let r(s) = 66*s**2 - 15*s. Let w be r(10). Suppose 0 = 4*p - 5*t - 12896, 0 = -4*p + 2*p + 2*t + w. Is p composite?
False
Let w = 290418 - 171547. Is w composite?
True
Let g(k) = 4*k**2 - 143*k - 1294. Is g(-97) a prime number?
False
Suppose -8*b = -6*b + 2*m + 6398, -3*b - 9609 = -m. Let w = -1217 - b. Is w a prime number?
False
Let m(r) = 41*r + 128. Let p be m(-3). Suppose -4*g - 2057 = -w + 1784, p*g + 11509 = 3*w. Is w prime?
True
Suppose -5*t + 251 = 3*w, -5*w - 63 - 25 = -2*t. Is (-6)/(-21) - ((-980966)/t - -5) a composite number?
True
Let o = -743553 + 1264082. Is o a prime number?
True
Suppose 3*t - 211*w - 2244597 = -213*w, -5*t + 3*w = -3740995. Is t prime?
True
Let h = -9179 - -192042. Is h a prime number?
False
Is (-2)/((-28)/6) - 3277119600/(-4200) prime?
False
Is (156590 - 0) + (9 - 0 - 4) composite?
True
Let o = -2084719 + 3668586. Is o a prime number?
True
Let m be (0 + (-1)/(-1))/(2 + -1). Let o be (11/(-33))/(m/(-12)). Suppose -587 + 27 = -d - 3*n, 2*n = -o*d + 2260. Is d prime?
False
Is (-68014)/(-4 - ((-11)/(-33))/((-5)/30)) composite?
True
Suppose 2*i = -4*d + 602724, 7*i - 6*i + 301354 = 2*d. Is d prime?
False
Suppose 4*b = -v - 13, 1 + 3 = -b. Suppose -v*g - 543 = -3846. Is g prime?
False
Let d(h) = -3*h + 17. Let k be d(3). Suppose -k*g + 11*g + r - 1108 = 0, 396 = g - 5*r. Is g prime?
False
Suppose -2*o + 3*p - 2*p = 95, -3*o = 3*p + 138. Let h = o - -47. Suppose -10*z + 8*z + 998 = h. Is z a composite number?
False
Let o = -84 + 206. Let m = 1 + o. Let b = m + 110. Is b prime?
True
Suppose 2*b + 3*i - 54510 = 5*i, 0 = -2*b + i + 54515. Suppose 27*p - b = 7*p. Is p a composite number?
True
Let z = 9673 - 13789. Let b be (0 - 2)*5/(30/z). Suppose -w + b = -51. Is w composite?
False
Let a(r) = -3976*r + 10. Let g be a(-2). Suppose 8219 = 11*q - g. Is q composite?
False
Let s(c) = 32*c**2 - 24*c - 163. Suppose 0 = 4*b + 5*d + 8 + 44, b - 3*d = -30. Is s(b) a prime number?
False
Suppose 266277 = 15*t - 12*t. Suppose 0 = 7*s - 32208 - t. Is s a prime number?
False
Is (-7178772)/(-369)*(-6)/(-8) prime?
True
Let o be (1/3)/(8/120). Suppose o - 37 = -8*i. Suppose 7*v - 2931 = i*v. Is v a prime number?
True
Is (-27)/(837/310) + (-4004595)/(-3) a composite number?
True
Suppose b = -2*b + 5*f, -b = 5*f. Is ((-108172)/4)/((-5 - -4) + b) a prime number?
True
Suppose 9*j = -19*j - 112. Let l(s) = 135*s**2 + 44*s - 11. Is l(j) prime?
True
Let h = -704 - -1521. Suppose 2*n - 376 = 2136. Let g = n - h. Is g prime?
True
Suppose -4*f - 6740 = -z + 195969, 3*z - 2*f - 608177 = 0. Is z a composite number?
False
Let h(v) = 2*v. Suppose 4 - 12 = -4*g. Let m be h(g). Suppose -b + 2080 = 5*n, -829 = -2*n + m*b - 5*b. Is n a composite number?
True
Suppose 63 = 5*f + 4*l, -5*l + 0 = -2*f + 45. Is ((-63260)/30)/((-10)/f) a prime number?
True
Let k = -3791 - -7192. Let l = -508 + k. Is l composite?
True
Suppose -483*x + 495039756 + 439416963 = 0. Is x a prime number?
False
Let j(v) = -7*v**3 + 42*v**2 - 2*v - 82. Let f(s) = 3*s**3 - 21*s**2 + 2*s + 41. Let m(h) = 5*f(h) + 2*j(h). Is m(21) composite?
False
Suppose 0*l + l = 3*y + 93, -5*y - 154 = -2*l. Let o = y + 30. Is o/(-7) - (-12677)/49 prime?
False
Suppose 4245 = -3*s - 2*n, 4*n - 202 = -s - 1627. Is (s + 14)/(-1 - 0) prime?
True
Let d be (132/(-18))/(2/(-10566)). Suppose -26*z + d = -39830. Is z prime?
False
Let u(v) = -v + 9. Let d be u(14). Is (d + (-497 - 3))/(-1) a prime number?
False
Let n(h) be the second derivative of 5*h**5/4 - 7*h**4/12 - h**3/3 - h**2/2 + 19*h - 3. Is n(5) prime?
True
Suppose 5*x = 7*x + r - 293274, r + 439921 = 3*x. Is x prime?
True
Suppose -4 = -4*s, -i = s + 7259 - 66419. Is i a prime number?
True
Suppose 4*l + 20 = -2*g, -g - 3*l - 20 = 3*g. Let p(j) = -j**2. Let f(z) = 39*z**3 - 4*z**2 + z - 1. Let s(y) = -f(y) + 3*p(y). Is s(g) a composite number?
True
Let i be 172 - ((-5)/10 - 2/4). Suppose 0 = -171*d + i*d - 144842. Is d a prime number?
True
Suppose 41*f - 15 = 38*f. Is -5 - (-10126)/(f - 4) prime?
False
Is -3*((-4)/(-3) - -1) + 14930 a prime number?
True
Let j(k) = 50*k**2 + 2*k + 8. Let u be j(-7). Suppose 7*d + u = 11*d. Suppose 414 = 2*a + o, -a + d = 2*a - o. Is a prime?
False
Let y = 255633 + -179054. Is y prime?
True
Is 33946 + (-5 + 2)*1/3 + 2 composite?
True
Let x = -107 + 113. Let s(c) = -c**2 + 7*c - 6. Let q be s(x). Suppose -11*g + 5203 + 66 = q. Is g a composite number?
False
Let h(p) = 3*p**3 - 3*p**2. Let a be h(2). Let d be (-1*16)/4 + a. Is ((-46)/d*73)/((-2)/8) prime?
False
Let a(s) = -507*s + 22. Let z be a(-4). Suppose 8100 = 4*b + 5*p, b + 4*p - 9*p - z = 0. Let r = b - 1293. Is r prime?
False
Suppose 45782 = -0*r - 11*r. Let h = 2595 - r. Is h composite?
True
Let b(o) be the third derivative of o**6/120 - 7*o**5/30 - 5*o**4/8 - 13*o**3/6 - 13*o**2. Let g be b(15). Let v(j) = -67*j - 6. Is v(g) a composite number?
True
Let g(t) be the third derivative of t**5/60 - t**4/24 + 7151*t**3/6 + 24*t**2. Is g(0) a prime number?
True
Let g(n) = 7*n**2 + 6*n - 6. Let v be (-10)/(-8)*12/(-3). Let r be g(v). Suppose l + 54 = r. Is l composite?
True
Let p be (6/9)/(1/(-1431)). Let n = 552 + p. Let x = 748 + n. Is x prime?
False
Let z = -141388 - -253787. Is z a composite number?
True
Let v(m) = 2590*m**2 + 48*m + 877. Is v(-17) a prime number?
False
Let o(g) = 26*g**2 - 7*g + 1846. Is o(75) prime?
True
Let p(w) = -w**3 - 5*w**2 + 7*w + 8. Let s(t) = 4*t + 26. Let q be s(-8). Let g be p(q). Is (-3)/g*(92/1)/(-2) a prime number?
False
Suppose 0 = 3*r + 1354 + 782. Let c = 1920 + r. Suppose -2*y + 3*u = -1759, -y + 5*u - 346 = -c. Is y a composite number?
False
Let z = 500 - 506. Let l(v) = -v**3 + 9*v**2 - 11*v + 5. Is l(z) prime?
False
Let q = -112 - -110. Let d(o) = -129*o**3 + 5*o**2 - 5. Is d(q) prime?
False
Suppose -155255 = -5*h + 4930. Let i = -10948 + h. Is i a prime number?
True
Is -14993